5. Let z = -4 + 8. Let g be i(z). Suppose -3*d + g*n - 2 = -d, 2*d - 10 = 2*n. List the prime factors of d.
3
List the prime factors of 3 - (-21 + (-2)/(-2)).
23
Let u(d) = d**3 - 8*d**2 - 9*d + 1. Let g be u(9). Let s = g + 3. Suppose -f - 15 + 4 = -k, 0 = 2*k + s*f - 34. What are the prime factors of k?
13
Let w be ((-3)/4)/((-4)/16). Suppose -11 - 1 = -w*p. List the prime factors of p.
2
Let t = 4 + -2. Suppose -3*v + 20 = t*v. Suppose -v*y = -5 - 11. What are the prime factors of y?
2
Suppose -2*q + 2*s + 136 = 0, 361 = 5*q + 4*s - 2*s. What are the prime factors of q?
71
Let b(w) be the first derivative of 2*w**3/3 + 2*w**2 - 5*w + 2. What are the prime factors of b(-4)?
11
List the prime factors of (2 - -1)*37 - -2.
113
Let u be 0/3 + -3 + 1. Let x be 6/12 - 1/u. List the prime factors of -22*(1/2 - x).
11
Suppose 0 = -3*v - 5*g + 516, v = 3*v + 3*g - 343. What are the prime factors of v?
167
List the prime factors of (-2 + -1*33)/(-1).
5, 7
Let k(z) = -22*z**3 - z**2 - 2*z - 1. What are the prime factors of k(-1)?
2, 11
Let b = 121 - 67. Suppose -3*n - 12 = -3*p, -n - n = -p. What are the prime factors of 2/p + b/8?
7
List the prime factors of ((-16)/(-24))/(2/123).
41
Let i be ((-3)/(-2))/(9/24). Let x = i - -1. What are the prime factors of x?
5
Let v = -45 - -96. List the prime factors of v.
3, 17
Let h(s) = 102*s**2 + 3*s + 2. List the prime factors of h(-1).
101
Let j = 7 - 8. List the prime factors of -2 + 15 + (-3)/j.
2
Let t(g) = 1630*g**2 + 3*g + 2. Let k be t(-1). What are the prime factors of 1/(-4) + k/36?
3, 5
Let i = -28 - -14. Suppose -3*u - 4 = 5. List the prime factors of i*1*u/6.
7
Suppose r + 5 + 2 = 0. Let y = r + 26. What are the prime factors of y?
19
Suppose 2*v - 70 = -18. What are the prime factors of v?
2, 13
Suppose -6*m + 4 = -4*m. Suppose -v - 2*o + 5*o = -17, o + 9 = m*v. What are the prime factors of v?
2
What are the prime factors of 7/(-14) + (-99)/(-2)?
7
Suppose -4*q = -197 + 49. What are the prime factors of q?
37
Let z = 183 - 119. What are the prime factors of z?
2
Let t be (16/4)/(-1 + 3). Suppose -t*j = -0*j - 2. Let v = 4 - j. List the prime factors of v.
3
Let b = 0 - -49. Suppose d + 2*f + 2 = 12, 0 = 4*d - f - b. List the prime factors of d.
2, 3
Let o(r) = -4 + 2*r + 3 - r. Let h be o(1). Let t = h + 4. What are the prime factors of t?
2
Let z(u) = 2*u + 2. Let i be z(-2). Let p(q) = -q**3 + 7*q**2 - 2*q - 8. Let v be p(6). List the prime factors of -4*i/(v/22).
11
Let w be 60/((15/2)/5). Suppose p - 5*p = w. What are the prime factors of 28/5 - 4/p?
2, 3
Let o(x) = -x**3 + x**2 + x + 1. Let t(v) = 6*v**3 - 11*v**2 - 11*v - 11. Let m(h) = -22*o(h) - 2*t(h). What are the prime factors of m(1)?
2, 5
Suppose 3*n + 164 = 4*u - 53, -89 = -2*u - 5*n. List the prime factors of u.
2, 13
Suppose -17 + 0 = -v. Let k = v - 15. List the prime factors of k.
2
Let g = 3 + 6. Suppose 8 = -5*j + g*j. What are the prime factors of j?
2
Suppose 2*j - 8 = -3*c, -2*c = 5*j - 5*c - 20. Suppose -j*x + 2*a + 112 = -0*a, -x + a = -27. What are the prime factors of x?
29
Let s = 10 - 16. Let j = -20 - -5. Let c = s - j. What are the prime factors of c?
3
Suppose 0 = a - 7*a + 366. What are the prime factors of a?
61
Suppose 3*x + 3 - 6 = 0. Suppose -5*t = -5 + 15. Let b = x - t. What are the prime factors of b?
3
Suppose 3*m = 5*c + 7*m - 92, 0 = -5*c - 5*m + 90. Suppose 3*z - 5*z + 82 = 0. Let f = z - c. List the prime factors of f.
3, 7
Let w(o) = -70*o - 30. List the prime factors of w(-4).
2, 5
Let p = 2 - -1. List the prime factors of p/((-18)/(-4))*18.
2, 3
Suppose 394 = 2*q + 5*p, -p - 495 - 96 = -3*q. List the prime factors of q.
197
Let j(x) = x**2 - 3*x. Let z be j(3). Suppose 4*l + w - 19 - 1 = z, 3*l - 2*w - 4 = 0. What are the prime factors of l?
2
Let t = 43 - 1. What are the prime factors of t?
2, 3, 7
Let v be 8 - (3 + -2 + -2). Let f(p) = p**3 - 8*p**2 - 8*p + 4. What are the prime factors of f(v)?
13
List the prime factors of 315/12 - (-4)/(-16).
2, 13
Suppose 0*u + 2*u - 10 = 0. List the prime factors of u.
5
Let f = 123 - 15. What are the prime factors of f?
2, 3
Suppose -5*j = -630 - 435. List the prime factors of j.
3, 71
Let o(f) = 8*f**2 + 14*f - 9. List the prime factors of o(-5).
11
Let p = 6 + -2. Suppose 3*k = -l + 2*k + 3, 2*l = p*k + 6. What are the prime factors of l?
3
Let m(g) = 6*g**2 + 7*g + 5. List the prime factors of m(-4).
73
Let j(p) = 8*p + 10*p**2 + 10 - 3*p**3 + 4*p**3 - p**2. Let a be j(-8). Suppose 2 - a = -2*k. What are the prime factors of k?
2
Let f = 1 + 1. Suppose 3 = 3*b - b + d, 2*d = -f*b. What are the prime factors of 9/((-4)/((-16)/b))?
2, 3
Suppose -a + 113 = -48. What are the prime factors of a?
7, 23
Let w(x) = x**2 + 5*x - 3. Suppose 4*r = -u - 35, 2*r - 3*u + 20 = -u. List the prime factors of w(r).
3, 11
Let p = -14 + 5. Let g(n) = -2*n - 5. What are the prime factors of g(p)?
13
Suppose -4*w - 3*n = 7 - 29, 2*w - 14 = -3*n. Let r be w/6*(-45)/(-6). Suppose 4*a = r + 15. List the prime factors of a.
5
Let i = 24 + 26. List the prime factors of i.
2, 5
Let g = 89 - -119. What are the prime factors of g?
2, 13
Suppose -i = -5*i + 4*y + 52, 4*i + 2*y - 82 = 0. Let c be i/(-2) - (-2 - -1). List the prime factors of 9/2 - 4/c.
5
Suppose 2*p + 19 = -3*m, -3*p - 4*m = 2*p + 30. Let a = p - -22. What are the prime factors of a?
2, 5
Suppose 15 = v + 3. Let y be (-26)/10 + 6/10. Let b = v - y. List the prime factors of b.
2, 7
Suppose 5*w = 190 + 80. List the prime factors of w.
2, 3
Let p(x) = -x**3 + 7*x**2. Let i be p(7). Suppose -5*t + 59 = 3*d, -d = 2*t - i*d - 24. List the prime factors of t.
13
Let h(m) = -m - 5. Let c be h(-7). What are the prime factors of 324/42 - c/(-7)?
2
Suppose -4*n = -2*h - 26, 0 = n + 3*n - h - 21. Suppose 0 = 4*s - 4, -4*b - n*s - s = -57. What are the prime factors of b?
13
Let j = 1 + 4. Suppose -c + 40 = -5*m, -4*m - j*c - 56 = 5. Let g = m - -23. List the prime factors of g.
2, 7
Let w(f) = f**2 - 3*f + 10. List the prime factors of w(7).
2, 19
Suppose -3*u + 323 = 5*p, -2*u + 167 = 2*p + 37. What are the prime factors of p?
2
What are the prime factors of (-64)/(2/(-1)) - -4?
2, 3
Suppose -16 = -a + 16. Suppose -31 = -5*g - 4*p, 5*g = -p - 2*p + a. List the prime factors of g.
7
Let d(p) = p**3 - 12*p**2 - 9*p - 18. What are the prime factors of d(13)?
2, 17
Suppose 0 = -5*o - 5, -43 = 3*s + 5*o - 515. What are the prime factors of s?
3, 53
Suppose 3 = -o - 3*g, -3*o + 3*g - 3 = -18. Suppose -r - o*u + 13 = 0, 5*r + 0*u = -4*u + 32. What are the prime factors of r?
2
Let y(n) = n**2 - 7*n - 4. Let h be y(6). Let g = 17 + h. List the prime factors of g.
7
Let l(c) = c**2 - c - 4. Let g be l(5). Let v(q) = -q**2 + 3*q - 2. Let u be v(2). Suppose u = n + n - g. What are the prime factors of n?
2
Let u(d) = -d + 2. Let s be 3/6 - (-45)/(-6). Let l be u(s). What are the prime factors of 1 + l - (1 + 0)?
3
Let m(d) be the first derivative of d**3/3 + d**2/2 - d - 1. Let l be m(1). List the prime factors of 10 - (4 - (l - -1)).
2
Suppose 0 = 4*h - 8*h + 36. List the prime factors of h.
3
Suppose 4*y = 2*b + 6, 0 = 3*y - y - 4*b. Suppose -5*j - 2*a = -33, -y*a - 2*a = 4*j - 24. What are the prime factors of j?
7
Let p = -14 + 21. Let x(r) = 4*r - 13. Let u(s) = 11*s - 38. Let l(h) = -3*u(h) + 8*x(h). List the prime factors of l(p).
3
Let m(u) be the third derivative of -u**5/60 + 7*u**4/24 - 5*u**3/6 + u**2. Suppose 0*k - 4*k + 20 = 0. What are the prime factors of m(k)?
5
Let g(i) = i**2 - 6*i. Let b be g(6). Suppose b = 3*v - 4*o + 13 - 0, -2*v + 5*o = 4. Let p = v - -15. What are the prime factors of p?
2
Let f be (400/15)/(4/12). Suppose -f = 6*n - 8*n. List the prime factors of n.
2, 5
Let h be (-4)/18 - 203/(-63). List the prime factors of (-40)/h*3/(-2).
2, 5
Let v = 43 - 26. List the prime factors of v.
17
Let j(b) = 14*b**2 + b + 1. Let p be j(-1). Suppose 12*a + 4 = p*a. What are the prime factors of a?
2
Let f(q) = -11*q + 8. Let n be f(-8). Suppose -2*h - n = 2*h. Let m = h + 34. What are the prime factors of m?
2, 5
Let a(c) = -2 - c**2 - 5*c - 14*c**3 + 4*c + 1. Let v = 3 - 4. What are the prime factors of a(v)?
13
Suppose -k - 2*q + 3 + 9 = 0, -17 = 4*k - 5*q. Suppose 0 = k*v + 3*m - 21, -v + 38 = -0*v - 4*m. What a